/((1/2)/(a/10)). Suppose 0 = r*p - 5*q - 695, -4*q = p - 93 - 71. List the prime factors of p.
2, 3
Suppose 15*q = 91 + 104. Suppose -5622 = -q*a + 8392. List the prime factors of a.
2, 7, 11
Suppose -79490 = -5*v - 5*w, 2*v - 31793 = -0*w - 5*w. List the prime factors of v.
13, 1223
Let z(k) = 17*k + 1. Let u(w) = -w**3 - 3*w**2 + w + 1. Let p be u(-4). List the prime factors of z(p).
2, 3, 37
Suppose -4*r = 3*r + 63. Let o be 2 + (-6)/r + (-28)/(-3). Let m = o - -58. What are the prime factors of m?
2, 5, 7
Let m = -421 - -419. Let h(n) = -330*n + 20. What are the prime factors of h(m)?
2, 5, 17
Let b(h) = 16*h**3 + 2*h**2 + 46*h + 28. List the prime factors of b(13).
2, 9029
Suppose -5*o + 0 = 5. Let i be (-11 - (1 + (-6)/3))*o. List the prime factors of -2 + 1 + i/(40/756).
2, 47
Let c be (-22)/(-12) - (-1)/6. List the prime factors of 587 - (0*4/8)/c.
587
Suppose 0 = -h - 2*h - 12. Let s(j) be the first derivative of -31*j**2/2 + 20*j - 46. List the prime factors of s(h).
2, 3
Let v(m) = -8*m**2 + 36*m + 43. Let h be v(20). Let z = h - -4079. List the prime factors of z.
2, 821
Let m = 193826 + -114145. What are the prime factors of m?
7, 11383
Let d = -59 + 65. Let p be -1*d/(-45) - 4972/(-60). Let l = 102 + p. List the prime factors of l.
5, 37
Let i = -3821 + 3823. Suppose -3*n = -5*h - 167 - 106, h - 255 = -3*n. Suppose 5*l - i*u - n = -6*u, -3*l + u + 38 = 0. What are the prime factors of l?
2, 7
Let g(o) = -o**3 - 7*o**2 - 7*o - 4. Let a be g(-6). Suppose 4*j - 90 = a. What are the prime factors of j?
23
Let m = -24880 + 41594. List the prime factors of m.
2, 61, 137
Suppose 256906 + 15375 = 41*o. Suppose -13*m = -2095 - o. List the prime factors of m.
2, 3, 7
Let o = 162 + -162. Suppose o = -14*r - r + 3240. List the prime factors of r.
2, 3
Suppose -13*d - 171719 = -5*r - 0*d, 2*r + 3*d - 68704 = 0. What are the prime factors of r?
7, 701
Let k(r) = -31*r + 77. Let l be k(11). Let a = l - -277. List the prime factors of a.
13
Suppose -2*u + 16 = -7*u - f, 2*f - 4 = 2*u. Let x be 2 + 3/(u/(-2)). Suppose s = 4*g + 102, 4*s + x*g + g - 345 = 0. What are the prime factors of s?
2, 3, 5
Let t(q) = 848*q - 97. What are the prime factors of t(5)?
3, 1381
Let b be 60/50*(-435)/(-6). Let o = 674 + b. List the prime factors of o.
761
Suppose -9 = 48*o - 51*o. Suppose 444 = -o*n - 3*n. Let t = 34 - n. What are the prime factors of t?
2, 3
Let p(t) = 2*t**2 - 50*t + 941. What are the prime factors of p(56)?
3, 1471
Suppose 2*d = g + 139641, -1865 = 3*g - 1850. What are the prime factors of d?
2, 7, 4987
Let p = 407 - 218. Suppose 0 = -5*d + 336 + p. Let k = d + 1. What are the prime factors of k?
2, 53
Suppose -3*h = -16*h - 3510. What are the prime factors of ((-2)/(-5) - h/75) + 103?
107
Let k(w) = -3*w**3 + 22*w**2 + 32*w + 12. List the prime factors of k(-14).
2, 3, 1009
Let y be 18/30 + 0 - (-1206)/(-10). Let l be y/(-3) - (0 + -5 + 1). Suppose l = -15*h + 3299. What are the prime factors of h?
7, 31
Suppose l - w = 5564 + 412, -4*w - 29884 = -5*l. List the prime factors of l.
2, 5, 13, 23
Suppose -237 = -7*c - 62. Suppose c*q = 17*q + 3464. What are the prime factors of q?
433
Let a = -50 + 52. Suppose 4*b - 223 = -x, -3 = 5*x + a. Suppose 0 = -y - y + b. What are the prime factors of y?
2, 7
Suppose -3*m + 0*m - 27 = 0. Let p(j) = 6*j**2 + 21*j - 12. What are the prime factors of p(m)?
3, 5, 19
Suppose -3*b + 24 = 0, -4*b - 55912 = -6*r + 242466. What are the prime factors of r?
5, 7, 29
What are the prime factors of ((-14 + 6)*2/(-16) + -56488)/(-1)?
3, 19, 991
Suppose -35*w + 3*w + 394208 = 0. List the prime factors of w.
97, 127
Let n be (-1 + 2)*(-1281)/21. Let j = n - -64. Suppose -3*b + 288 = 2*i, j*b - 4*i - 202 = 86. What are the prime factors of b?
2, 3
Let y(b) = 1521*b**2 - 6*b - 7. What are the prime factors of y(-2)?
6089
Suppose -2*m + 3*u + 18598 = 1251, -5*m + 43356 = 4*u. Suppose 9*a - m = a. List the prime factors of a.
2, 271
Suppose -3*q + 151 = 25. Let p = q - 39. Suppose -3*d + 0*d - p*j = -264, -2*d = 4*j - 176. List the prime factors of d.
2, 11
Suppose -5*a + 5*n = 2420, 2*a = a + 3*n - 480. Let x be a/(-14) - 5*(-6)/105. Suppose -c = -4*q + 725, -225 = -q + 2*c - x. What are the prime factors of q?
2, 3, 5
Suppose -33564 = -2*m + 11*x, -8*x = -2*m - 7*x + 33624. What are the prime factors of m?
3, 5, 19, 59
Let z(g) = 104*g**3 - 2*g**2 + g + 4. Let h be z(2). List the prime factors of h + -2 + (-4 - -6).
2, 5, 83
Suppose -k - 13 = -4*l, l + l - 23 = -5*k. Suppose 0 = -m - m + 3*p + l, 0 = 5*m + p - 10. Suppose -101 = -m*s + s. List the prime factors of s.
101
Let o = 17977 + -10679. List the prime factors of o.
2, 41, 89
Let s(b) = 9*b**2 - 55*b - 59. Let x(t) = -4*t**2 + 27*t + 29. Let c(v) = -3*s(v) - 7*x(v). Let z be c(25). List the prime factors of -4 + 114 - (5 + z + -1).
107
Let k(w) = 22*w - 9. Let l(t) = t**3 + 7*t**2 + 13*t + 13. Let y be l(-4). What are the prime factors of k(y)?
3, 7
Let t = 68 + -64. Suppose -t*o = -118 - 30. Suppose -o*w + 34*w + 120 = 0. List the prime factors of w.
2, 5
Suppose -3*k = -4*d + 7, 0 = -4*d + 5 + 11. Suppose 0 = -y + 5*f + 89, f + f = k*y - 215. Suppose 0 = b + y - 174. List the prime factors of b.
3, 5, 7
Suppose -8*w = -3*w + 5*m - 48560, 0 = w - 3*m - 9696. What are the prime factors of w?
2, 3, 809
Suppose 2*l + 10 = -3*l - 5*z, 3*z + 6 = 3*l. Let w be 128/(-160) - (-2654)/5. Suppose -4*s + w = -l*c + 5*c, 4*s - 326 = -3*c. List the prime factors of c.
2, 3, 17
Suppose 75162 = 5*a + 2*w, 84*a - 60130 = 80*a - 2*w. List the prime factors of a.
2, 1879
Suppose -29*u - 5820 = -41*u. List the prime factors of 22*(-6 - (-4)/(40/u)).
5, 11, 17
Suppose 2202*x - 2207*x + 172460 = -5*u, 2*x + 4*u - 68948 = 0. List the prime factors of x.
2, 43, 401
Suppose -4*w = -0*w - 2100. Let t(l) = 74*l - 291. Let r be t(4). Suppose -195 = r*h - w. What are the prime factors of h?
2, 3, 11
Suppose 3*n - 178 - 107 = 0. Let j = 97 - n. Suppose 4*p = -j*t + 120, t + 3*p + 0*p = 59. What are the prime factors of t?
2, 31
Suppose 52*h - 125*h + 66 = -40*h. Let j(p) = 2*p - 2. Let r be j(-2). What are the prime factors of (-24)/r - -193 - h/1?
3, 5, 13
Let p(k) = -2*k**2 + 6*k - 8. Let v = 9 - 4. Let l be p(v). Let h = 71 + l. What are the prime factors of h?
43
Let y(s) = -51*s - 38. Let l be (-10)/(-4)*(-324)/135. What are the prime factors of y(l)?
2, 67
Suppose -4*n + 0*b = 2*b - 66, 4*b + 4 = 0. Let y(c) = -30 - 15*c + 22*c - 4. List the prime factors of y(n).
5, 17
Let j(f) = -f**2 + 11*f - 19. Let b be j(5). Suppose b*k - 20 = 7*k. Suppose k*v + 615 = 5*r, 108 = r + 2*v - 3. List the prime factors of r.
7, 17
Suppose 3*y + 3*d - 27505 = 8*d, -y + 9185 = -5*d. List the prime factors of y.
2, 5, 229
Let s(p) = -333*p**3 - 10*p**2 + p - 4. What are the prime factors of s(-3)?
2, 4447
Suppose -623412 = -85*t - 95052. List the prime factors of t.
2, 3, 7, 37
Let l(v) = v**3 + 3*v**2 - 68*v - 8. Let j be l(7). Suppose -j*g = -5633 + 101. List the prime factors of g.
2, 461
Let x(u) = 14*u**2 - u. Let o = 15 - 16. Let i be x(o). List the prime factors of (i - 16)/(1/(-7)).
7
Let a be ((-4 - -2)/(-2))/(1/(-42)). Let q = a + 175. Let l = q + -50. What are the prime factors of l?
83
Let m = 113 - 55. Let l(h) = -25 - 21*h - 17 + m. What are the prime factors of l(-4)?
2, 5
Let m be 1/(5/148)*1950/156. Suppose r - 1502 = -m. What are the prime factors of r?
2, 283
Let o = 3633 + -1971. Suppose -8*s + k = -13*s + 2794, -3*s + 3*k = -o. List the prime factors of s.
2, 3, 31
Let d(f) = 877*f**2 + 224*f - 1155. What are the prime factors of d(5)?
2, 5, 11, 199
Let w be 0 - (0 - 883) - 1. Suppose 78*b + 16 = 77*b - 5*y, 3*b + 4 = -4*y. Suppose -b*v + w = 5*m - 129, v = 2*m + 256. List the prime factors of v.
2, 127
Let m(t) = -123*t**3 - 2*t + 1. Let c be m(1). Let y(z) = -3*z**2 + 5*z + 6. Let n be y(-3). Let l = n - c. What are the prime factors of l?
2, 11
Let o = 39 + -41. Let t be o - ((-7 - 0) + 3). Suppose -t*k - 216 = -5*k. What are the prime factors of k?
2, 3
Let k(q) = 35*q**2 - q + 2. Let n be k(1). Let b(h) = h + 10. Let z be b(-4). List the prime factors of 964/n - z/(-27).
3
Suppose -9*q = -486 - 711. Let k = -86 + q. Suppose 50*y = k*y + 171. List the prime factors of y.
3, 19